{"id":1166,"date":"2023-08-15T04:53:14","date_gmt":"2023-08-15T04:53:14","guid":{"rendered":"http:\/\/rimagro.com.ar\/web\/?page_id=1166"},"modified":"2023-08-15T20:53:01","modified_gmt":"2023-08-15T20:53:01","slug":"surtidor-mf4100","status":"publish","type":"page","link":"http:\/\/rimagro.com.ar\/web\/surtidor-mf4100\/","title":{"rendered":"Surtidor mf4100"},"content":{"rendered":"\t\t<div data-elementor-type=\"wp-page\" data-elementor-id=\"1166\" class=\"elementor elementor-1166\">\n\t\t\t\t\t\t<section class=\"elementor-section elementor-top-section elementor-element elementor-element-77be88cb elementor-section-boxed elementor-section-height-default elementor-section-height-default\" data-id=\"77be88cb\" data-element_type=\"section\" data-e-type=\"section\">\n\t\t\t\t\t\t<div class=\"elementor-container elementor-column-gap-default\">\n\t\t\t\t\t<div class=\"elementor-column elementor-col-66 elementor-top-column elementor-element elementor-element-75b70d3d\" data-id=\"75b70d3d\" data-element_type=\"column\" data-e-type=\"column\">\n\t\t\t<div class=\"elementor-widget-wrap elementor-element-populated\">\n\t\t\t\t\t\t<div class=\"elementor-element elementor-element-7306ff34 elementor-invisible elementor-widget elementor-widget-heading\" data-id=\"7306ff34\" data-element_type=\"widget\" data-e-type=\"widget\" data-settings=\"{&quot;_animation&quot;:&quot;fadeInLeft&quot;}\" data-widget_type=\"heading.default\">\n\t\t\t\t<div class=\"elementor-widget-container\">\n\t\t\t\t\t<h2 class=\"elementor-heading-title elementor-size-default\">MF4100<\/h2>\t\t\t\t<\/div>\n\t\t\t\t<\/div>\n\t\t\t\t<div class=\"elementor-element elementor-element-4be6d0ae elementor-widget elementor-widget-text-editor\" data-id=\"4be6d0ae\" data-element_type=\"widget\" data-e-type=\"widget\" data-widget_type=\"text-editor.default\">\n\t\t\t\t<div class=\"elementor-widget-container\">\n\t\t\t\t\t\t\t\t\t<div class=\"xdj266r x11i5rnm xat24cr x1mh8g0r x1vvkbs x126k92a\">\n<div dir=\"auto\"><b>VISUALIZA ONLINE Y EN TIEMPO REAL LAS DESCARGAS DE TU SURTIDOR !<\/b><\/div>\n<\/div>\t\t\t\t\t\t\t\t<\/div>\n\t\t\t\t<\/div>\n\t\t\t\t<div class=\"elementor-element elementor-element-3ab07eb8 elementor-widget elementor-widget-text-editor\" data-id=\"3ab07eb8\" data-element_type=\"widget\" data-e-type=\"widget\" data-widget_type=\"text-editor.default\">\n\t\t\t\t<div class=\"elementor-widget-container\">\n\t\t\t\t\t\t\t\t\t<div dir=\"auto\">C<i>aracter\u00edsticas:<\/i><\/div>\n<div dir=\"auto\">-Sincronizaci\u00f3n autom\u00e1tica con servidor en la nube y memoria.<\/div>\n<div dir=\"auto\">-Acceso web para administraci\u00f3n, configuraci\u00f3n y reportes.<\/div>\n<div dir=\"auto\">-Cuenta de acceso y licencia incluida.<\/div>\n<div dir=\"auto\">-No requiere cableados, instalaci\u00f3n de software, ni computadora conectada.<\/div>\n<div dir=\"auto\">-Controlador de flotas integrado, habilita s\u00f3lo a veh\u00edculos y usuarios mediante un usuario y contrase\u00f1a.<\/div>\n<div dir=\"auto\">-Informaci\u00f3n de od\u00f3metro u hora de motor.<\/div>\t\t\t\t\t\t\t\t<\/div>\n\t\t\t\t<\/div>\n\t\t\t\t\t<\/div>\n\t\t<\/div>\n\t\t\t\t<div class=\"elementor-column elementor-col-33 elementor-top-column elementor-element elementor-element-6f9a866d\" data-id=\"6f9a866d\" data-element_type=\"column\" data-e-type=\"column\">\n\t\t\t<div class=\"elementor-widget-wrap elementor-element-populated\">\n\t\t\t\t\t\t<div class=\"elementor-element elementor-element-22b96a0 elementor-widget elementor-widget-image\" data-id=\"22b96a0\" data-element_type=\"widget\" data-e-type=\"widget\" data-widget_type=\"image.default\">\n\t\t\t\t<div class=\"elementor-widget-container\">\n\t\t\t\t\t\t\t\t\t\t\t\t\t\t\t<img fetchpriority=\"high\" decoding=\"async\" width=\"1024\" height=\"1024\" src=\"http:\/\/rimagro.com.ar\/web\/wp-content\/uploads\/2023\/08\/277584706_922814761745118_1296094497410829519_n-1024x1024.jpg\" class=\"attachment-large size-large wp-image-1035\" alt=\"\" srcset=\"http:\/\/rimagro.com.ar\/web\/wp-content\/uploads\/2023\/08\/277584706_922814761745118_1296094497410829519_n-1024x1024.jpg 1024w, http:\/\/rimagro.com.ar\/web\/wp-content\/uploads\/2023\/08\/277584706_922814761745118_1296094497410829519_n-300x300.jpg 300w, http:\/\/rimagro.com.ar\/web\/wp-content\/uploads\/2023\/08\/277584706_922814761745118_1296094497410829519_n-150x150.jpg 150w, http:\/\/rimagro.com.ar\/web\/wp-content\/uploads\/2023\/08\/277584706_922814761745118_1296094497410829519_n-768x768.jpg 768w, http:\/\/rimagro.com.ar\/web\/wp-content\/uploads\/2023\/08\/277584706_922814761745118_1296094497410829519_n.jpg 1080w\" sizes=\"(max-width: 1024px) 100vw, 1024px\" \/>\t\t\t\t\t\t\t\t\t\t\t\t\t\t\t<\/div>\n\t\t\t\t<\/div>\n\t\t\t\t\t<\/div>\n\t\t<\/div>\n\t\t\t\t\t<\/div>\n\t\t<\/section>\n\t\t\t\t<section class=\"elementor-section elementor-top-section elementor-element elementor-element-3115416e elementor-section-boxed elementor-section-height-default elementor-section-height-default\" data-id=\"3115416e\" data-element_type=\"section\" data-e-type=\"section\">\n\t\t\t\t\t\t<div class=\"elementor-container elementor-column-gap-default\">\n\t\t\t\t\t<div class=\"elementor-column elementor-col-100 elementor-top-column elementor-element elementor-element-3c99662c\" data-id=\"3c99662c\" data-element_type=\"column\" data-e-type=\"column\">\n\t\t\t<div class=\"elementor-widget-wrap elementor-element-populated\">\n\t\t\t\t\t\t<div class=\"elementor-element elementor-element-6ddf6b87 elementor-widget elementor-widget-spacer\" data-id=\"6ddf6b87\" data-element_type=\"widget\" data-e-type=\"widget\" data-widget_type=\"spacer.default\">\n\t\t\t\t<div class=\"elementor-widget-container\">\n\t\t\t\t\t\t\t<div class=\"elementor-spacer\">\n\t\t\t<div class=\"elementor-spacer-inner\"><\/div>\n\t\t<\/div>\n\t\t\t\t\t\t<\/div>\n\t\t\t\t<\/div>\n\t\t\t\t<div class=\"elementor-element elementor-element-4839bb53 elementor-invisible elementor-widget elementor-widget-heading\" data-id=\"4839bb53\" data-element_type=\"widget\" data-e-type=\"widget\" data-settings=\"{&quot;_animation&quot;:&quot;fadeInUp&quot;}\" data-widget_type=\"heading.default\">\n\t\t\t\t<div class=\"elementor-widget-container\">\n\t\t\t\t\t<h2 class=\"elementor-heading-title elementor-size-default\">TAMBI\u00e9N TE PUEDE INTERESAR :<\/h2>\t\t\t\t<\/div>\n\t\t\t\t<\/div>\n\t\t\t\t<div class=\"elementor-element elementor-element-5343478d elementor-widget elementor-widget-spacer\" data-id=\"5343478d\" data-element_type=\"widget\" data-e-type=\"widget\" data-widget_type=\"spacer.default\">\n\t\t\t\t<div class=\"elementor-widget-container\">\n\t\t\t\t\t\t\t<div class=\"elementor-spacer\">\n\t\t\t<div class=\"elementor-spacer-inner\"><\/div>\n\t\t<\/div>\n\t\t\t\t\t\t<\/div>\n\t\t\t\t<\/div>\n\t\t\t\t\t<\/div>\n\t\t<\/div>\n\t\t\t\t\t<\/div>\n\t\t<\/section>\n\t\t\t\t<section class=\"elementor-section elementor-top-section elementor-element elementor-element-2f3ebbe7 elementor-section-boxed elementor-section-height-default elementor-section-height-default\" data-id=\"2f3ebbe7\" data-element_type=\"section\" data-e-type=\"section\">\n\t\t\t\t\t\t<div class=\"elementor-container elementor-column-gap-default\">\n\t\t\t\t\t<div class=\"elementor-column elementor-col-100 elementor-top-column elementor-element elementor-element-38f196f6\" data-id=\"38f196f6\" data-element_type=\"column\" data-e-type=\"column\">\n\t\t\t<div class=\"elementor-widget-wrap elementor-element-populated\">\n\t\t\t\t\t\t<div class=\"elementor-element elementor-element-18477ffa elementor-widget__width-initial elementor-widget-mobile__width-initial elementor-widget elementor-widget-image\" data-id=\"18477ffa\" data-element_type=\"widget\" data-e-type=\"widget\" data-widget_type=\"image.default\">\n\t\t\t\t<div class=\"elementor-widget-container\">\n\t\t\t\t\t\t\t\t\t\t\t\t\t\t\t\t<a href=\"http:\/\/rimagro.com.ar\/web\/surtidor-modelo-mf5100\/\">\n\t\t\t\t\t\t\t<img decoding=\"async\" width=\"1024\" height=\"1024\" src=\"http:\/\/rimagro.com.ar\/web\/wp-content\/uploads\/2023\/08\/editado-1024x1024.png\" class=\"attachment-large size-large wp-image-1132\" alt=\"\" srcset=\"http:\/\/rimagro.com.ar\/web\/wp-content\/uploads\/2023\/08\/editado-1024x1024.png 1024w, http:\/\/rimagro.com.ar\/web\/wp-content\/uploads\/2023\/08\/editado-300x300.png 300w, http:\/\/rimagro.com.ar\/web\/wp-content\/uploads\/2023\/08\/editado-150x150.png 150w, http:\/\/rimagro.com.ar\/web\/wp-content\/uploads\/2023\/08\/editado-768x768.png 768w, http:\/\/rimagro.com.ar\/web\/wp-content\/uploads\/2023\/08\/editado.png 1125w\" sizes=\"(max-width: 1024px) 100vw, 1024px\" \/>\t\t\t\t\t\t\t\t<\/a>\n\t\t\t\t\t\t\t\t\t\t\t\t\t\t\t<\/div>\n\t\t\t\t<\/div>\n\t\t\t\t<div class=\"elementor-element elementor-element-497d533e elementor-widget__width-initial elementor-widget elementor-widget-image\" data-id=\"497d533e\" data-element_type=\"widget\" data-e-type=\"widget\" data-widget_type=\"image.default\">\n\t\t\t\t<div class=\"elementor-widget-container\">\n\t\t\t\t\t\t\t\t\t\t\t\t\t\t\t\t<a href=\"http:\/\/rimagro.com.ar\/web\/moderniza-tu-surtidor-mf3100\/\">\n\t\t\t\t\t\t\t<img decoding=\"async\" width=\"1024\" height=\"1024\" src=\"http:\/\/rimagro.com.ar\/web\/wp-content\/uploads\/2023\/08\/6618b9e1eb0c4d78b8098a15d2f8b1ba_317351167_2188392924697566_8327129927368317731_n-1024x1024.jpg\" class=\"attachment-large size-large wp-image-1240\" alt=\"\" srcset=\"http:\/\/rimagro.com.ar\/web\/wp-content\/uploads\/2023\/08\/6618b9e1eb0c4d78b8098a15d2f8b1ba_317351167_2188392924697566_8327129927368317731_n-1024x1024.jpg 1024w, http:\/\/rimagro.com.ar\/web\/wp-content\/uploads\/2023\/08\/6618b9e1eb0c4d78b8098a15d2f8b1ba_317351167_2188392924697566_8327129927368317731_n-300x300.jpg 300w, http:\/\/rimagro.com.ar\/web\/wp-content\/uploads\/2023\/08\/6618b9e1eb0c4d78b8098a15d2f8b1ba_317351167_2188392924697566_8327129927368317731_n-150x150.jpg 150w, http:\/\/rimagro.com.ar\/web\/wp-content\/uploads\/2023\/08\/6618b9e1eb0c4d78b8098a15d2f8b1ba_317351167_2188392924697566_8327129927368317731_n-768x768.jpg 768w, http:\/\/rimagro.com.ar\/web\/wp-content\/uploads\/2023\/08\/6618b9e1eb0c4d78b8098a15d2f8b1ba_317351167_2188392924697566_8327129927368317731_n.jpg 1080w\" sizes=\"(max-width: 1024px) 100vw, 1024px\" \/>\t\t\t\t\t\t\t\t<\/a>\n\t\t\t\t\t\t\t\t\t\t\t\t\t\t\t<\/div>\n\t\t\t\t<\/div>\n\t\t\t\t\t<\/div>\n\t\t<\/div>\n\t\t\t\t\t<\/div>\n\t\t<\/section>\n\t\t\t\t<\/div>\n\t\t","protected":false},"excerpt":{"rendered":"<p>MF4100 VISUALIZA ONLINE Y EN TIEMPO REAL LAS DESCARGAS DE TU SURTIDOR ! Caracter\u00edsticas: -Sincronizaci\u00f3n autom\u00e1tica con servidor en la nube y memoria. -Acceso web para administraci\u00f3n, configuraci\u00f3n y reportes. -Cuenta de acceso y licencia incluida. -No requiere cableados, instalaci\u00f3n de software, ni computadora conectada. -Controlador de flotas integrado, habilita s\u00f3lo a veh\u00edculos y usuarios [&hellip;]<\/p>\n","protected":false},"author":8,"featured_media":0,"parent":0,"menu_order":0,"comment_status":"closed","ping_status":"closed","template":"","meta":{"_joinchat":[],"footnotes":""},"class_list":["post-1166","page","type-page","status-publish","hentry"],"yoast_head":"<!-- This site is optimized with the Yoast SEO plugin v27.4 - https:\/\/yoast.com\/product\/yoast-seo-wordpress\/ -->\n<title>Surtidor mf4100 -<\/title>\n<meta name=\"robots\" content=\"index, follow, max-snippet:-1, max-image-preview:large, max-video-preview:-1\" \/>\n<link rel=\"canonical\" href=\"http:\/\/rimagro.com.ar\/web\/surtidor-mf4100\/\" \/>\n<meta property=\"og:locale\" content=\"es_ES\" \/>\n<meta property=\"og:type\" content=\"article\" \/>\n<meta property=\"og:title\" content=\"Surtidor mf4100 -\" \/>\n<meta property=\"og:description\" content=\"MF4100 VISUALIZA ONLINE Y EN TIEMPO REAL LAS DESCARGAS DE TU SURTIDOR ! Caracter\u00edsticas: -Sincronizaci\u00f3n autom\u00e1tica con servidor en la nube y memoria. -Acceso web para administraci\u00f3n, configuraci\u00f3n y reportes. -Cuenta de acceso y licencia incluida. -No requiere cableados, instalaci\u00f3n de software, ni computadora conectada. -Controlador de flotas integrado, habilita s\u00f3lo a veh\u00edculos y usuarios [&hellip;]\" \/>\n<meta property=\"og:url\" content=\"http:\/\/rimagro.com.ar\/web\/surtidor-mf4100\/\" \/>\n<meta property=\"article:modified_time\" content=\"2023-08-15T20:53:01+00:00\" \/>\n<meta property=\"og:image\" content=\"http:\/\/rimagro.com.ar\/web\/wp-content\/uploads\/2023\/08\/277584706_922814761745118_1296094497410829519_n-1024x1024.jpg\" \/>\n<meta name=\"twitter:card\" content=\"summary_large_image\" \/>\n<script type=\"application\/ld+json\" class=\"yoast-schema-graph\">{\"@context\":\"https:\\\/\\\/schema.org\",\"@graph\":[{\"@type\":\"WebPage\",\"@id\":\"http:\\\/\\\/rimagro.com.ar\\\/web\\\/surtidor-mf4100\\\/\",\"url\":\"http:\\\/\\\/rimagro.com.ar\\\/web\\\/surtidor-mf4100\\\/\",\"name\":\"Surtidor mf4100 -\",\"isPartOf\":{\"@id\":\"http:\\\/\\\/rimagro.com.ar\\\/web\\\/#website\"},\"primaryImageOfPage\":{\"@id\":\"http:\\\/\\\/rimagro.com.ar\\\/web\\\/surtidor-mf4100\\\/#primaryimage\"},\"image\":{\"@id\":\"http:\\\/\\\/rimagro.com.ar\\\/web\\\/surtidor-mf4100\\\/#primaryimage\"},\"thumbnailUrl\":\"http:\\\/\\\/rimagro.com.ar\\\/web\\\/wp-content\\\/uploads\\\/2023\\\/08\\\/277584706_922814761745118_1296094497410829519_n-1024x1024.jpg\",\"datePublished\":\"2023-08-15T04:53:14+00:00\",\"dateModified\":\"2023-08-15T20:53:01+00:00\",\"breadcrumb\":{\"@id\":\"http:\\\/\\\/rimagro.com.ar\\\/web\\\/surtidor-mf4100\\\/#breadcrumb\"},\"inLanguage\":\"es\",\"potentialAction\":[{\"@type\":\"ReadAction\",\"target\":[\"http:\\\/\\\/rimagro.com.ar\\\/web\\\/surtidor-mf4100\\\/\"]}]},{\"@type\":\"ImageObject\",\"inLanguage\":\"es\",\"@id\":\"http:\\\/\\\/rimagro.com.ar\\\/web\\\/surtidor-mf4100\\\/#primaryimage\",\"url\":\"http:\\\/\\\/rimagro.com.ar\\\/web\\\/wp-content\\\/uploads\\\/2023\\\/08\\\/277584706_922814761745118_1296094497410829519_n.jpg\",\"contentUrl\":\"http:\\\/\\\/rimagro.com.ar\\\/web\\\/wp-content\\\/uploads\\\/2023\\\/08\\\/277584706_922814761745118_1296094497410829519_n.jpg\",\"width\":1080,\"height\":1080},{\"@type\":\"BreadcrumbList\",\"@id\":\"http:\\\/\\\/rimagro.com.ar\\\/web\\\/surtidor-mf4100\\\/#breadcrumb\",\"itemListElement\":[{\"@type\":\"ListItem\",\"position\":1,\"name\":\"Portada\",\"item\":\"http:\\\/\\\/rimagro.com.ar\\\/web\\\/\"},{\"@type\":\"ListItem\",\"position\":2,\"name\":\"Surtidor mf4100\"}]},{\"@type\":\"WebSite\",\"@id\":\"http:\\\/\\\/rimagro.com.ar\\\/web\\\/#website\",\"url\":\"http:\\\/\\\/rimagro.com.ar\\\/web\\\/\",\"name\":\"\",\"description\":\"\",\"potentialAction\":[{\"@type\":\"SearchAction\",\"target\":{\"@type\":\"EntryPoint\",\"urlTemplate\":\"http:\\\/\\\/rimagro.com.ar\\\/web\\\/?s={search_term_string}\"},\"query-input\":{\"@type\":\"PropertyValueSpecification\",\"valueRequired\":true,\"valueName\":\"search_term_string\"}}],\"inLanguage\":\"es\"}]}<\/script>\n<!-- \/ Yoast SEO plugin. -->","yoast_head_json":{"title":"Surtidor mf4100 -","robots":{"index":"index","follow":"follow","max-snippet":"max-snippet:-1","max-image-preview":"max-image-preview:large","max-video-preview":"max-video-preview:-1"},"canonical":"http:\/\/rimagro.com.ar\/web\/surtidor-mf4100\/","og_locale":"es_ES","og_type":"article","og_title":"Surtidor mf4100 -","og_description":"MF4100 VISUALIZA ONLINE Y EN TIEMPO REAL LAS DESCARGAS DE TU SURTIDOR ! Caracter\u00edsticas: -Sincronizaci\u00f3n autom\u00e1tica con servidor en la nube y memoria. -Acceso web para administraci\u00f3n, configuraci\u00f3n y reportes. -Cuenta de acceso y licencia incluida. -No requiere cableados, instalaci\u00f3n de software, ni computadora conectada. -Controlador de flotas integrado, habilita s\u00f3lo a veh\u00edculos y usuarios [&hellip;]","og_url":"http:\/\/rimagro.com.ar\/web\/surtidor-mf4100\/","article_modified_time":"2023-08-15T20:53:01+00:00","og_image":[{"url":"http:\/\/rimagro.com.ar\/web\/wp-content\/uploads\/2023\/08\/277584706_922814761745118_1296094497410829519_n-1024x1024.jpg","type":"","width":"","height":""}],"twitter_card":"summary_large_image","schema":{"@context":"https:\/\/schema.org","@graph":[{"@type":"WebPage","@id":"http:\/\/rimagro.com.ar\/web\/surtidor-mf4100\/","url":"http:\/\/rimagro.com.ar\/web\/surtidor-mf4100\/","name":"Surtidor mf4100 -","isPartOf":{"@id":"http:\/\/rimagro.com.ar\/web\/#website"},"primaryImageOfPage":{"@id":"http:\/\/rimagro.com.ar\/web\/surtidor-mf4100\/#primaryimage"},"image":{"@id":"http:\/\/rimagro.com.ar\/web\/surtidor-mf4100\/#primaryimage"},"thumbnailUrl":"http:\/\/rimagro.com.ar\/web\/wp-content\/uploads\/2023\/08\/277584706_922814761745118_1296094497410829519_n-1024x1024.jpg","datePublished":"2023-08-15T04:53:14+00:00","dateModified":"2023-08-15T20:53:01+00:00","breadcrumb":{"@id":"http:\/\/rimagro.com.ar\/web\/surtidor-mf4100\/#breadcrumb"},"inLanguage":"es","potentialAction":[{"@type":"ReadAction","target":["http:\/\/rimagro.com.ar\/web\/surtidor-mf4100\/"]}]},{"@type":"ImageObject","inLanguage":"es","@id":"http:\/\/rimagro.com.ar\/web\/surtidor-mf4100\/#primaryimage","url":"http:\/\/rimagro.com.ar\/web\/wp-content\/uploads\/2023\/08\/277584706_922814761745118_1296094497410829519_n.jpg","contentUrl":"http:\/\/rimagro.com.ar\/web\/wp-content\/uploads\/2023\/08\/277584706_922814761745118_1296094497410829519_n.jpg","width":1080,"height":1080},{"@type":"BreadcrumbList","@id":"http:\/\/rimagro.com.ar\/web\/surtidor-mf4100\/#breadcrumb","itemListElement":[{"@type":"ListItem","position":1,"name":"Portada","item":"http:\/\/rimagro.com.ar\/web\/"},{"@type":"ListItem","position":2,"name":"Surtidor mf4100"}]},{"@type":"WebSite","@id":"http:\/\/rimagro.com.ar\/web\/#website","url":"http:\/\/rimagro.com.ar\/web\/","name":"","description":"","potentialAction":[{"@type":"SearchAction","target":{"@type":"EntryPoint","urlTemplate":"http:\/\/rimagro.com.ar\/web\/?s={search_term_string}"},"query-input":{"@type":"PropertyValueSpecification","valueRequired":true,"valueName":"search_term_string"}}],"inLanguage":"es"}]}},"_links":{"self":[{"href":"http:\/\/rimagro.com.ar\/web\/wp-json\/wp\/v2\/pages\/1166","targetHints":{"allow":["GET"]}}],"collection":[{"href":"http:\/\/rimagro.com.ar\/web\/wp-json\/wp\/v2\/pages"}],"about":[{"href":"http:\/\/rimagro.com.ar\/web\/wp-json\/wp\/v2\/types\/page"}],"author":[{"embeddable":true,"href":"http:\/\/rimagro.com.ar\/web\/wp-json\/wp\/v2\/users\/8"}],"replies":[{"embeddable":true,"href":"http:\/\/rimagro.com.ar\/web\/wp-json\/wp\/v2\/comments?post=1166"}],"version-history":[{"count":15,"href":"http:\/\/rimagro.com.ar\/web\/wp-json\/wp\/v2\/pages\/1166\/revisions"}],"predecessor-version":[{"id":1251,"href":"http:\/\/rimagro.com.ar\/web\/wp-json\/wp\/v2\/pages\/1166\/revisions\/1251"}],"wp:attachment":[{"href":"http:\/\/rimagro.com.ar\/web\/wp-json\/wp\/v2\/media?parent=1166"}],"curies":[{"name":"wp","href":"https:\/\/api.w.org\/{rel}","templated":true}]}}